{"id":9,"date":"2021-12-13T10:07:46","date_gmt":"2021-12-13T10:07:46","guid":{"rendered":"https:\/\/sidiar.es\/?page_id=9"},"modified":"2021-12-17T07:42:30","modified_gmt":"2021-12-17T07:42:30","slug":"inicio","status":"publish","type":"page","link":"https:\/\/sidiar.es\/","title":{"rendered":"Inicio"},"content":{"rendered":"<p>[vc_row][vc_column]\n\t\t\t<!-- START Slider 1 REVOLUTION SLIDER 6.5.11 --><p class=\"rs-p-wp-fix\"><\/p>\n\t\t\t<rs-module-wrap id=\"rev_slider_1_1_wrapper\" data-source=\"gallery\" style=\"visibility:hidden;background:transparent;padding:0;margin:0px auto;margin-top:0;margin-bottom:0;\">\n\t\t\t\t<rs-module id=\"rev_slider_1_1\" style=\"\" data-version=\"6.5.11\">\n\t\t\t\t\t<rs-slides>\n\t\t\t\t\t\t<rs-slide style=\"position: absolute;\" data-key=\"rs-1\" data-title=\"Slide\" data-in=\"o:0;\" data-out=\"a:false;\">\n\t\t\t\t\t\t\t<img loading=\"lazy\" decoding=\"async\" src=\"\/\/sidiar.es\/wp-content\/plugins\/revslider\/public\/assets\/assets\/dummy.png\" title=\"slider\" width=\"2000\" height=\"1335\" class=\"rev-slidebg tp-rs-img rs-lazyload\" data-lazyload=\"\/\/sidiar.es\/wp-content\/uploads\/2021\/12\/slider.jpg\" data-no-retina>\n<!--\n\t\t\t\t\t\t\t--><rs-layer\n\t\t\t\t\t\t\t\tid=\"slider-1-slide-1-layer-0\" \n\t\t\t\t\t\t\t\tdata-type=\"image\"\n\t\t\t\t\t\t\t\tdata-rsp_ch=\"on\"\n\t\t\t\t\t\t\t\tdata-xy=\"x:c;yo:397px,543px,596px,533px;\"\n\t\t\t\t\t\t\t\tdata-text=\"w:normal;s:20,16,12,7;l:0,20,15,9;\"\n\t\t\t\t\t\t\t\tdata-dim=\"w:585px,483px,366px,381px;h:140px,115px,87px,91px;\"\n\t\t\t\t\t\t\t\tdata-frame_999=\"o:0;st:w;\"\n\t\t\t\t\t\t\t\tstyle=\"z-index:5;\"\n\t\t\t\t\t\t\t><img loading=\"lazy\" decoding=\"async\" src=\"\/\/sidiar.es\/wp-content\/plugins\/revslider\/public\/assets\/assets\/dummy.png\" class=\"tp-rs-img rs-lazyload\" width=\"2500\" height=\"600\" data-lazyload=\"\/\/sidiar.es\/wp-content\/uploads\/2021\/12\/logo_sidiar.png\" data-no-retina> \n\t\t\t\t\t\t\t<\/rs-layer><!--\n\n\t\t\t\t\t\t\t--><rs-layer\n\t\t\t\t\t\t\t\tid=\"slider-1-slide-1-layer-1\" \n\t\t\t\t\t\t\t\tdata-type=\"text\"\n\t\t\t\t\t\t\t\tdata-color=\"#0b2e57\"\n\t\t\t\t\t\t\t\tdata-rsp_ch=\"on\"\n\t\t\t\t\t\t\t\tdata-xy=\"x:c;xo:0,-5px,-3px,-2px;yo:539px,663px,681px,627px;\"\n\t\t\t\t\t\t\t\tdata-text=\"w:normal;s:24,25,20,21;l:25,26,21,21;fw:700;a:center;\"\n\t\t\t\t\t\t\t\tdata-dim=\"w:363px,389px,327px,352px;\"\n\t\t\t\t\t\t\t\tdata-frame_0=\"x:0,0px,0px,0px;y:0,0px,0px,0px;\"\n\t\t\t\t\t\t\t\tdata-frame_1=\"x:0,0px,0px,0px;y:0,0px,0px,0px;\"\n\t\t\t\t\t\t\t\tdata-frame_999=\"o:0;st:w;\"\n\t\t\t\t\t\t\t\tstyle=\"z-index:6;font-family:'Roboto';\"\n\t\t\t\t\t\t\t>Sistema Digital de Archivos \n\t\t\t\t\t\t\t<\/rs-layer><!--\n-->\t\t\t\t\t\t<\/rs-slide>\n\t\t\t\t\t<\/rs-slides>\n\t\t\t\t<\/rs-module>\n\t\t\t\t<script type=\"text\/javascript\">\n\t\t\t\t\tsetREVStartSize({c: 'rev_slider_1_1',rl:[1240,1024,778,480],el:[600,768,960,720],gw:[1240,1024,778,480],gh:[600,768,960,720],type:'standard',justify:'',layout:'fullwidth',mh:\"0\"});if (window.RS_MODULES!==undefined && window.RS_MODULES.modules!==undefined && window.RS_MODULES.modules[\"revslider11\"]!==undefined) {window.RS_MODULES.modules[\"revslider11\"].once = false;window.revapi1 = undefined;if (window.RS_MODULES.checkMinimal!==undefined) window.RS_MODULES.checkMinimal()}\n\t\t\t\t<\/script>\n\t\t\t<\/rs-module-wrap>\n\t\t\t<!-- END REVOLUTION SLIDER -->\n[\/vc_column][\/vc_row][vc_row css=\u00bb.vc_custom_1639395289554{padding-top: 60px !important;padding-right: 30px !important;padding-bottom: 60px !important;padding-left: 30px !important;}\u00bb el_class=\u00bbtitular\u00bb][vc_column][vc_column_text el_class=\u00bbtitular\u00bb]<\/p>\n<h1 style=\"text-align: center;\"><span style=\"color: #0b2e57;\">La digitalizaci\u00f3n de archivos permite acceder a un documento electr\u00f3nico en cuesti\u00f3n de segundos, independientemente del lugar desde donde se accede.<\/span><\/h1>\n<p>[\/vc_column_text][\/vc_column][\/vc_row][vc_section css=\u00bb.vc_custom_1639393798942{background-color: #0b2e57 !important;}\u00bb][vc_row css=\u00bb.vc_custom_1639393947275{padding-top: 30px !important;padding-right: 50px !important;padding-bottom: 30px !important;padding-left: 50px !important;}\u00bb][vc_column][vc_column_text]<\/p>\n<h2 style=\"text-align: center;\"><span style=\"color: #ffffff;\"><span style=\"color: #6ea8d7;\">SIDIAR<\/span> REALIZA EL PROCESO COMPLETO PARA LA DIGITALIZACI\u00d3N DE TU ARCHIVO.<\/span><\/h2>\n<p>[\/vc_column_text][\/vc_column][\/vc_row][vc_row content_placement=\u00bbmiddle\u00bb css=\u00bb.vc_custom_1639394849875{padding-top: 30px !important;padding-right: 20px !important;padding-bottom: 30px !important;padding-left: 20px !important;}\u00bb el_class=\u00bbtexto\u00bb][vc_column width=\u00bb1\/2&#8243; css=\u00bb.vc_custom_1639392490286{padding-right: 50px !important;padding-left: 50px !important;}\u00bb][vc_column_text]<\/p>\n<ol style=\"text-align: justify;\">\n<li style=\"color: #6ea8d7;\"><span style=\"color: #ffffff;\"><strong>Recogida<\/strong> en la sede del cliente.<\/span><\/li>\n<li style=\"color: #6ea8d7;\"><span style=\"color: #ffffff;\"><strong>Preparaci\u00f3n de la documentaci\u00f3n<\/strong> eliminando grapas, encuadernaciones, distintas calidades, etc.<\/span><\/li>\n<li style=\"color: #6ea8d7;\"><span style=\"color: #ffffff;\"><strong>Digitalizaci\u00f3n con esc\u00e1neres de alta producci\u00f3n<\/strong>\u00a0de hasta 180 im\u00e1genes por minuto o utilizando\u00a0esc\u00e1neres especiales para libros o planos. Seg\u00fan el tipo de proyecto, tambi\u00e9n se digitaliza con\u00a0esc\u00e1neres para microfilm, pudiendo\u00a0digitalizar film, negativos, diapositivas, etc.<\/span><\/li>\n<\/ol>\n<p>[\/vc_column_text][\/vc_column][vc_column width=\u00bb1\/2&#8243; css=\u00bb.vc_custom_1639392495671{padding-right: 50px !important;padding-left: 50px !important;}\u00bb][vc_column_text]<\/p>\n<ol style=\"text-align: justify;\" start=\"4\">\n<li style=\"color: #6ea8d7;\"><span style=\"color: #ffffff;\"><strong>Indexaci\u00f3n<\/strong> con m\u00e9todos de captura a la medida de cada proyecto, utilizando\u00a0OCR y validando cada campo con aplicaci\u00f3n de d\u00edgitos de control, comprobaci\u00f3n contra base de datos, etc.<\/span><\/li>\n<li style=\"color: #6ea8d7;\"><span style=\"color: #ffffff;\"><strong>Legalizaci\u00f3n<\/strong>:\u00a0cumplimiento de las prescripciones legales para garantizar el valor de los documentos digitalizados.<\/span><\/li>\n<li style=\"color: #6ea8d7;\"><span style=\"color: #ffffff;\"><strong>Puesta a disposici\u00f3n de los documentos digitales<\/strong> mediante dvd, pendrive, FTP o exportaci\u00f3n de ficheros a sus servidores.<\/span><\/li>\n<li style=\"color: #6ea8d7;\"><span style=\"color: #ffffff;\"><strong>Control de calidad.<\/strong><\/span><\/li>\n<\/ol>\n<p>[\/vc_column_text][\/vc_column][\/vc_row][vc_row content_placement=\u00bbmiddle\u00bb css=\u00bb.vc_custom_1639393963849{padding-top: 30px !important;padding-right: 50px !important;padding-bottom: 50px !important;padding-left: 50px !important;}\u00bb][vc_column width=\u00bb1\/6&#8243;][\/vc_column][vc_column width=\u00bb4\/6&#8243;][vc_separator color=\u00bbcustom\u00bb border_width=\u00bb2&#8243; el_width=\u00bb10&#8243; accent_color=\u00bb#ffffff\u00bb css=\u00bb.vc_custom_1639556428793{padding-top: 20px !important;}\u00bb][vc_column_text]<\/p>\n<p style=\"text-align: center; font-size: 19px;\"><span style=\"color: #ffffff;\"><br \/>\n<strong>C<\/strong><strong>ontamos con recursos t\u00e9cnicos y humanos para digitalizar documentos referidos a archivos administrativos (contabilidad, correspondencia); facturas de proveedores (ocr e integraci\u00f3n de metadatos en sistemas erp); planos, dibujos t\u00e9cnicos, peri\u00f3dicos, libros, revistas, fotograf\u00edas, diapositivas, archivos hist\u00f3ricos, mapas, etc.<\/strong><\/span><\/p>\n<p>[\/vc_column_text][vc_separator color=\u00bbcustom\u00bb border_width=\u00bb2&#8243; el_width=\u00bb10&#8243; accent_color=\u00bb#ffffff\u00bb css=\u00bb.vc_custom_1639393611778{padding-top: 20px !important;padding-bottom: 20px !important;}\u00bb][\/vc_column][vc_column width=\u00bb1\/6&#8243;][\/vc_column][\/vc_row][\/vc_section][vc_section][vc_row css=\u00bb.vc_custom_1639393971677{padding-top: 30px !important;padding-right: 30px !important;padding-bottom: 30px !important;padding-left: 30px !important;}\u00bb][vc_column][vc_column_text]<\/p>\n<h2 style=\"text-align: center;\"><span style=\"color: #0b2e57;\">VENTAJAS DE LA DIGITALIZACI\u00d3N<\/span><\/h2>\n<p>[\/vc_column_text][\/vc_column][\/vc_row][vc_row gap=\u00bb35&#8243; content_placement=\u00bbmiddle\u00bb css=\u00bb.vc_custom_1639556633644{padding-right: 20px !important;padding-bottom: 20px !important;padding-left: 20px !important;}\u00bb][vc_column width=\u00bb1\/2&#8243; css=\u00bb.vc_custom_1639392490286{padding-right: 50px !important;padding-left: 50px !important;}\u00bb][vc_single_image image=\u00bb34&#8243; img_size=\u00bblarge\u00bb alignment=\u00bbcenter\u00bb][\/vc_column][vc_column width=\u00bb1\/2&#8243; css=\u00bb.vc_custom_1639393984111{padding-right: 30px !important;padding-left: 30px !important;}\u00bb][vc_column_text]<\/p>\n<ul style=\"text-align: justify;\">\n<li><span style=\"color: #0b2e57;\">R\u00e1pido acceso de m\u00faltiples usuarios desde cualquier dispositivo.<\/span><\/li>\n<li><span style=\"color: #0b2e57;\">Reducci\u00f3n inmediata del tiempo de gesti\u00f3n asociado a la documentaci\u00f3n digitalizada<\/span><\/li>\n<li><span style=\"color: #0b2e57;\">Ahorra costes de rrhh y optimiza los recursos<\/span><\/li>\n<li><span style=\"color: #0b2e57;\">Las im\u00e1genes pueden rehacerse y mejorarse electr\u00f3nicamente.<\/span><\/li>\n<li><span style=\"color: #0b2e57;\">Se pueden obtener copias de seguridad.<\/span><\/li>\n<li><span style=\"color: #0b2e57;\">Evita la p\u00e9rdida o extrav\u00edo de documentaci\u00f3n f\u00edsica u originales no sustituibles<\/span><\/li>\n<li><span style=\"color: #0b2e57;\">Facilita la b\u00fasqueda de la informaci\u00f3n.<\/span><\/li>\n<li><span style=\"color: #0b2e57;\">Las im\u00e1genes pueden reproducirse tantas veces como sea necesario sin perder la calidad.<\/span><\/li>\n<li><span style=\"color: #0b2e57;\">Las im\u00e1genes digitales no se deterioran con el uso.<\/span><\/li>\n<\/ul>\n<p>[\/vc_column_text][\/vc_column][\/vc_row][\/vc_section][vc_row content_placement=\u00bbmiddle\u00bb el_class=\u00bbespacio-texto\u00bb css=\u00bb.vc_custom_1639555826466{padding-bottom: 20px !important;background-color: #0b2e57 !important;}\u00bb][vc_column width=\u00bb1\/2&#8243;][vc_single_image image=\u00bb103&#8243; img_size=\u00bbmedium\u00bb alignment=\u00bbcenter\u00bb][vc_column_text css=\u00bb.vc_custom_1639556600220{padding-top: 10px !important;padding-right: 30px !important;padding-bottom: 10px !important;padding-left: 30px !important;}\u00bb]<\/p>\n<p style=\"text-align: center;\"><span style=\"color: #ffffff;\"><strong><span class=\"\">Disponemos de oficinas en Sevilla,\u00a0 <\/span><\/strong><strong><span class=\"\">Jerez de la Frontera y Algeciras, <\/span><\/strong><\/span><\/p>\n<p style=\"text-align: center;\"><span style=\"color: #ffffff;\"><strong><span class=\"\">pero trabajamos para clientes de <\/span><\/strong><strong><span class=\"\">toda Andaluc\u00eda y Extremadura.<\/span><\/strong><\/span><\/p>\n<p>[\/vc_column_text][\/vc_column][vc_column width=\u00bb1\/2&#8243;][vc_column_text]<\/p>\n<blockquote class=\"\">\n<div class=\"\">\n<div class=\"WordSection1\">\n<div class=\"\" style=\"text-align: center; font-size: 18px;\"><span style=\"color: #ffffff;\"><strong><span class=\"\">Sistema Digital de Archivo S.L.<\/span><\/strong><\/span><\/div>\n<div class=\"\" style=\"text-align: center;\"><span class=\"\" style=\"color: #ffffff; font-size: 14px;\">Tel\u00e9fono: <a style=\"color: #ffffff;\" href=\"tel:691683851\">691 683 851<\/a><\/span><\/div>\n<div class=\"\" style=\"text-align: center; font-size: 14px;\"><span class=\"\" style=\"color: #ffffff;\">E-mail: <a style=\"color: #ffffff;\" href=\"mailto:digital@sidiar.es\">digital@sidiar.es<\/a><\/span><\/div>\n<\/div>\n<\/div>\n<\/blockquote>\n<p>[\/vc_column_text][\/vc_column][\/vc_row]<\/p>\n","protected":false},"excerpt":{"rendered":"<p>[vc_row][vc_column][\/vc_column][\/vc_row][vc_row css=\u00bb.vc_custom_1639395289554{padding-top: 60px !important;padding-right: 30px !important;padding-bottom: 60px !important;padding-left: 30px !important;}\u00bb el_class=\u00bbtitular\u00bb][vc_column][vc_column_text el_class=\u00bbtitular\u00bb] La digitalizaci\u00f3n de archivos permite acceder a un documento electr\u00f3nico en cuesti\u00f3n de segundos, independientemente del lugar desde donde se accede. [\/vc_column_text][\/vc_column][\/vc_row][vc_section css=\u00bb.vc_custom_1639393798942{background-color: #0b2e57 !important;}\u00bb][vc_row css=\u00bb.vc_custom_1639393947275{padding-top: 30px !important;padding-right: 50px !important;padding-bottom: 30px !important;padding-left: 50px&#8230;<\/p>\n","protected":false},"author":2,"featured_media":0,"parent":0,"menu_order":0,"comment_status":"closed","ping_status":"closed","template":"..\/public\/views\/revslider-page-template.php","meta":{"footnotes":""},"class_list":["post-9","page","type-page","status-publish","hentry"],"_links":{"self":[{"href":"https:\/\/sidiar.es\/index.php\/wp-json\/wp\/v2\/pages\/9","targetHints":{"allow":["GET"]}}],"collection":[{"href":"https:\/\/sidiar.es\/index.php\/wp-json\/wp\/v2\/pages"}],"about":[{"href":"https:\/\/sidiar.es\/index.php\/wp-json\/wp\/v2\/types\/page"}],"author":[{"embeddable":true,"href":"https:\/\/sidiar.es\/index.php\/wp-json\/wp\/v2\/users\/2"}],"replies":[{"embeddable":true,"href":"https:\/\/sidiar.es\/index.php\/wp-json\/wp\/v2\/comments?post=9"}],"version-history":[{"count":71,"href":"https:\/\/sidiar.es\/index.php\/wp-json\/wp\/v2\/pages\/9\/revisions"}],"predecessor-version":[{"id":132,"href":"https:\/\/sidiar.es\/index.php\/wp-json\/wp\/v2\/pages\/9\/revisions\/132"}],"wp:attachment":[{"href":"https:\/\/sidiar.es\/index.php\/wp-json\/wp\/v2\/media?parent=9"}],"curies":[{"name":"wp","href":"https:\/\/api.w.org\/{rel}","templated":true}]}}